k - 2*-3. What are the prime factors of ((-12)/s)/(2/(-24))?
2
Let l be 2/3 + 24/(-9). Let s be -1 - -2 - (l + -1). Let p = 12 - s. List the prime factors of p.
2
Let x(f) = 3*f - 1 + f**3 + 2 + 5*f**2 - 3. What are the prime factors of x(-3)?
7
Let d(i) = i**2 - 18. What are the prime factors of d(12)?
2, 3, 7
Suppose -3*z = 2*z + 85. Let m = z + -12. Let h = -15 - m. What are the prime factors of h?
2, 7
Suppose v = -5*x - 9, 0*x - 4*x = -3*v + 68. Let g = -10 + v. List the prime factors of g.
2, 3
Let g(m) = m**2 + 10*m + 45. List the prime factors of g(-13).
2, 3, 7
Let n = 1 - 8. Let i(u) = -u**2 - 8*u - 2. What are the prime factors of i(n)?
5
Suppose n = -0*n - 5*y + 214, 0 = -2*n + 3*y + 467. List the prime factors of n.
229
Let o = -9 - 0. Let z = -11 - -6. Let i = z - o. What are the prime factors of i?
2
Suppose -b = 2*b - 144. What are the prime factors of b?
2, 3
Suppose 41 = 6*d - 415. What are the prime factors of d?
2, 19
Suppose 0 = -3*r + 12 - 3. Suppose r*k - 61 = -4*i, -4*k + 84 = 5*i - 8*k. Suppose f = 1, -f - i = -2*h + f. List the prime factors of h.
3
Let v = -5 - -12. Let a = v + -6. What are the prime factors of a*(-2 + 1) + 9?
2
Let m = 247 + -162. What are the prime factors of m?
5, 17
Suppose -4*g + 192 = -2*y, 3*y - 2*y - 100 = -2*g. Let p = -122 + g. List the prime factors of p/(-5) - (-4)/10.
3, 5
Suppose 2*c - c = -2*u + 29, 0 = -4*u - 3*c + 59. Suppose -4*d - u = -6*d. What are the prime factors of d?
7
Let u(k) be the first derivative of -k**3/3 + 4*k + 1. Let b(n) = n**3 + n**2 - n. Let r be b(0). List the prime factors of u(r).
2
Let u(p) = p**2 + p + 37. Let i = 13 - 13. What are the prime factors of u(i)?
37
Suppose 0*w = -2*w. Suppose 0*v + 2*v - 2*g - 24 = w, -4*v = -3*g - 45. What are the prime factors of v?
3
Let u(p) = 2*p + 49. What are the prime factors of u(6)?
61
Suppose 5*m = 3*m - 5*c + 49, -3*m = -2*c - 102. What are the prime factors of m?
2
Suppose 11 = 5*s - 9. Suppose -2*n + s = -0. What are the prime factors of n?
2
Let n = -4 - -9. Suppose 94 = n*d + 3*t, d + 4*d = t + 82. What are the prime factors of d?
17
Suppose 0 = -3*l - 5*n + 104, 4*n + 5 + 3 = 0. List the prime factors of l.
2, 19
Suppose 3*k - 4*i = -1 + 2, -23 = 3*k + 2*i. Let m = k + 4. Let v = m - -5. What are the prime factors of v?
2
Let z = 73 + 12. What are the prime factors of z?
5, 17
Suppose 0 = -4*k - 0 + 8. Suppose 24 = h - 5*a, -h - h = -k*a - 16. Suppose -h*m = 3*i - 45, -2*i - 10 = -2*m - 6*i. What are the prime factors of m?
3, 5
What are the prime factors of (-12)/10*-5*(-97)/(-2)?
3, 97
Let o(c) = -c**2 + 4*c + 7. Let n be o(5). Suppose -6 - n = -2*s. Suppose 3 = -s*w + 5*h - 4, 5*w + 3*h = 19. List the prime factors of w.
2
Suppose -10276 = 2*h - 30*h. What are the prime factors of h?
367
Let d = 10 + -7. Suppose 2*p + g = 22, -d*p + 0*g + 33 = 3*g. List the prime factors of p.
11
Suppose 7*p - 4*p - a = 9, 0 = -2*p - 2*a - 2. Let q be (-118)/(-2) + -1 + p. Suppose z - q = -2*z. List the prime factors of z.
2, 5
Suppose 3*c - 51 - 41 = -2*o, 0 = -5*o + 3*c + 230. What are the prime factors of o?
2, 23
Let h = 60 - 32. What are the prime factors of h?
2, 7
Suppose 8*b - 295 = 121. List the prime factors of b.
2, 13
Suppose -7 = 2*q - 19. Suppose 0 = -2*h + q + 10. Suppose -h = -2*b + 14. What are the prime factors of b?
11
Let a(n) = 3*n**2 - 5*n**2 + 3*n - 5 - 2*n**2. Let q(y) = -2*y**2 + 2*y - 2. Let v(k) = 3*a(k) - 7*q(k). What are the prime factors of v(4)?
11
Let v(m) be the third derivative of -m**4/12 - m**3/6 + 4*m**2. What are the prime factors of v(-4)?
7
Suppose 3*s - 58 = 2*g, -s = -0*s - 3*g - 24. What are the prime factors of s?
2, 3
Let f = 76 + 8. What are the prime factors of f?
2, 3, 7
Suppose -3*w + 121 = 2*j, 0*j = -5*w + 3*j + 208. What are the prime factors of w?
41
Let x = -79 + 271. List the prime factors of x.
2, 3
Let o(m) be the first derivative of m**3 - 3*m**2 - 2. List the prime factors of o(4).
2, 3
Let x be 538/(-8) + (-2)/(-8). Let q = x - -95. List the prime factors of q.
2, 7
Suppose 48 = -5*f + f. Let s = f - -18. What are the prime factors of s?
2, 3
Let n(c) = -8*c + 26. What are the prime factors of n(-18)?
2, 5, 17
List the prime factors of -3 + (-75)/(-27) - 2308/(-18).
2
Let h be 6/4 + 27/18. Suppose 0*w + w - 3 = j, -4*w + 10 = -h*j. List the prime factors of (j/(-3))/(2/6).
2
Let t(f) = 2*f + 15. What are the prime factors of t(-5)?
5
Suppose 4*u + 11 - 55 = 0. List the prime factors of u.
11
Let r(h) = -h**2 - 12*h + 4. What are the prime factors of r(-10)?
2, 3
What are the prime factors of (-2 + 6)*8/1?
2
Suppose -5*q + 4 = -136. Let j = q + -17. Suppose -j = -2*n + 7. What are the prime factors of n?
3
Suppose 2*n - 7*n + 25 = 0. Let r(w) = w**2 - 3*w - 4. Let l be r(4). Suppose 28 = 2*s + m + 4*m, l = -n*s - m + 47. What are the prime factors of s?
3
Suppose 5*c = -i + 55, -3*i - i - 2*c = -166. Suppose -4*z + i = z. List the prime factors of z.
2
Let h(r) = r**3 + r**2 + r + 3. Let y be h(0). Suppose -f + 0*k = -3*k - 16, y*f - 2*k - 48 = 0. What are the prime factors of f?
2
Let u(l) = -12*l + 5. What are the prime factors of u(-1)?
17
Let b(l) = 2*l**2 - 13*l + 1. Let p(c) = -4*c**2 + 25*c - 3. Let w(q) = -7*b(q) - 4*p(q). List the prime factors of w(6).
23
Let b be 32 - (-1)/(-1) - 1. Suppose 0 = 2*t + 4*w - 50, -4*t - w = -b - 70. What are the prime factors of t?
5
Let b = 54 + -38. Suppose -6*p + 2*p = -3*u - 4, -5*p + b = -u. What are the prime factors of p?
2
Let s(q) = -q**2 - 21*q + 24. What are the prime factors of s(-10)?
2, 67
Suppose 319*y + 275 = 320*y. List the prime factors of y.
5, 11
Let p(n) = n**2 - 7*n + 6. Let s be p(6). Let v be 2 - s - 0 - -4. What are the prime factors of (v + 0)/(1 + 1)?
3
Suppose y = 4*b - 2*y, -4*b - 2*y - 20 = 0. Let x = 8 - b. What are the prime factors of x?
11
Let q = 82 + -50. What are the prime factors of q?
2
Let j = 48 + -17. List the prime factors of j.
31
Suppose -34 = -5*l - 9. What are the prime factors of l?
5
Suppose -6 = -2*p + 4. Suppose 6 = p*h - 14. Let z(b) = 2*b**2 - 5*b - 1. List the prime factors of z(h).
11
Let n(k) = -k**3 - 5*k**2 - k. Suppose -4*h - 10 = -2*h. Let z be n(h). Suppose -2*a + 44 = 4*i, i + 6*a - 10 = z*a. What are the prime factors of i?
2, 3
Suppose -5*l = 2*m - 6*m + 6, -22 = -3*l - 4*m. Suppose -l*i + 3*k = -0 - 19, 3*k - 37 = -5*i. Suppose -6 = -i*o + 5*o. What are the prime factors of o?
2
Let r(c) = c**3 + 8*c**2 + 7*c + 7. What are the prime factors of r(-6)?
37
Suppose 0 = 2*q + 21 + 31. Let g = 66 + q. List the prime factors of g.
2, 5
Let g be (72/10)/(10/25). Let d = g + -14. List the prime factors of d.
2
Let c be 3/(-12) - 22/8. Let h(r) = r**2 - r - 2. What are the prime factors of h(c)?
2, 5
Let v = 77 - 27. What are the prime factors of v?
2, 5
Let a be 2/(-3) + 11/3. Let g = 0 - -4. Suppose g + 11 = a*s. What are the prime factors of s?
5
Let y(n) = -3*n**3 - 3*n - 11. What are the prime factors of y(-3)?
79
Let g be 2 - (2 + -2 + -3). List the prime factors of 1 - (-2 + g + -16).
2, 7
Let g be (-64)/6*(-27)/6. Let j = -27 + g. What are the prime factors of j?
3, 7
Suppose 0 = -3*c + c + 4. Suppose -c = d + 3. What are the prime factors of d/(-1)*28/10?
2, 7
Let s(k) = -3*k - 6. What are the prime factors of s(-8)?
2, 3
Let z(c) = 8*c + 4. Let r be z(4). Suppose 0 = -2*d - d + r. What are the prime factors of d?
2, 3
Let w(x) = 4*x + 1. Let c be w(1). Suppose -c*h = -0*d + 5*d - 60, -d = -2*h + 27. Suppose -2*o + h = -21. List the prime factors of o.
17
Let j(z) = z**3 - 13*z**2 + 15*z - 9. Let w be j(12). Suppose -4*g + 93 = -w. What are the prime factors of g?
2, 3, 5
What are the prime factors of -12*(-1 - (-2 - -2))?
2, 3
Let j(v) = -v**2 + 2. Let g(o) = o**2 - 11*o + 12. Let k be g(10). Let t(d) = -1. Let s(i) = k*t(i) - j(i). List the prime factors of s(-4).
2, 3
Let k(a) = a**2 + 10*a - 16. Suppose -5*d + 6 = 66. What are the prime factors of k(d)?
2
Let n be -2 - (1 + (-5)/1). Suppose -n*s - 3 = -1. What are the prime factors of s + 2 + 17/1?
2, 3
Let f(s) = 4*s + 1. Let u be f(1). Suppose 3*j + 10 = -u*l, 2*l + 1 - 18 = 3*j. Suppose 13 = 2*m - l. What are the prime factors of m?
7
Let w(p) = -8 + 4 + 8*p**2 + 4*p - 6*p**2. List the prime factors of